4125) + (-84133)/(-15)?
71, 79
Suppose 2*z + 37 = 5*b + 8, 2*b - 2 = -4*z. Suppose b*c = -2038 + 9848. What are the prime factors of (c/14 - 5) + (-4)/7?
2, 53
Suppose -25 = 2*l - 29. Let j be (1 - (-2)/l) + 23 + -19. Suppose -5*n + 499 = 2*x, -j = -2*x - x. List the prime factors of n.
3, 11
Let g(v) = 933*v**2 - 9*v + 12. Let m be g(2). Suppose -4*f + m = 19*f. What are the prime factors of f?
2, 3
Let l = 13867 - -757. What are the prime factors of l?
2, 457
Suppose 32*m - 202132 - 37740 = 0. What are the prime factors of m?
2, 937
Let p(n) = 3042*n + 4999. List the prime factors of p(8).
5, 5867
List the prime factors of ((-952)/24)/((-315)/75870).
2, 17, 281
Let o be (-15)/(-25) - (18/5 + -3). Suppose x - f = 97, 0 = x - o*x - 3*f - 99. Let v = 36 + x. List the prime factors of v.
2, 3, 11
Let o(h) = h**2 + 17*h + 73. Let n be o(-9). Let q = -15 + 5. List the prime factors of 10580/100 - (1 + n)/q.
2, 53
Let q = 579 - 222. Let f = -47 + q. What are the prime factors of f?
2, 5, 31
Let k(v) = 42*v**2 - 7*v + 4. Let r be (-2 - -2) + 1/((-1)/4). List the prime factors of k(r).
2, 11
Suppose -v - 5*u + 55 = 4*v, -2*v + 25 = u. What are the prime factors of (v/21)/((-5)/(-1815))?
2, 11
Let j(h) = h**3 + 10*h**2 - 16*h + 73. List the prime factors of j(8).
1097
What are the prime factors of (-1918)/(-84) - 23 - 3/18*-35677?
2, 3, 991
Let b(r) = -r**2 + 7*r + 9192. What are the prime factors of b(0)?
2, 3, 383
Suppose 0 = 4*k - 56 - 136. Suppose -46*s = -k*s + 12. Suppose 416 = -2*r + s*r. List the prime factors of r.
2, 13
Suppose -704*y - 1100 = -708*y. Let l = -203 + y. What are the prime factors of l?
2, 3
What are the prime factors of (-12 + (10 - -1))*-3245?
5, 11, 59
Let c = -12 - -17. Suppose c - 9 = -2*k. Suppose -5*w + g + 185 - 37 = 0, 2*w - k*g = 56. What are the prime factors of w?
2, 3, 5
Suppose -5*y + 3*y - 8 = 0. Let l be 30/y*(-36)/45. Suppose 5 = -r, -4*j - 44 = -l*j - 2*r. List the prime factors of j.
3
Let d be 278 - 2*1/(-2). Let b(f) = -104*f - 22. Let o be b(1). Let y = o + d. What are the prime factors of y?
3, 17
Let j = 256 - 278. What are the prime factors of ((-2)/((-16)/14))/(j/(-2464))?
2, 7
Let c(t) = -117*t + 208. Let q be c(-23). Let r = q + -2011. List the prime factors of r.
2, 3, 37
Let m = 33 + -66. Let c = 33 + m. Suppose c = -2*r - 3*r + 2*i + 135, 3*i = 0. List the prime factors of r.
3
Let a(p) = p**2 - 27*p + 120. Let f be a(22). Suppose -f*z = -6069 - 2131. List the prime factors of z.
2, 5, 41
Let g = -2309 + 4476. Let b = g - 1218. List the prime factors of b.
13, 73
Let m(f) = -f**3 + 9*f**2 + 5. Let b be m(10). Suppose 8*h = 11*h + 117. Let i = h - b. List the prime factors of i.
2, 7
Let i be (170/(-20))/(1/(-2)). Suppose 4*d - i = 47. What are the prime factors of -2*(-2406)/d - 9/(-36)?
7, 43
Suppose 4*b + 275 = -3*v, -3*v - 4 = v. List the prime factors of b/11 + (-16)/(-88) + 642.
2, 3, 53
Suppose 105*g - 38*g - 1162001 = 50*g. What are the prime factors of g?
29, 2357
Suppose 27782 = 4*k + 2*b, -24*k - b = -27*k + 20844. What are the prime factors of k?
6947
Suppose 0 = -3*q + 5*b + 44329, 4*b = 2*q - 11884 - 17668. List the prime factors of q.
2, 3, 821
Suppose 0 = -4*q + 28 - 12. Suppose -5*h = q*h + 54. Let t(a) = -5*a - 20. List the prime factors of t(h).
2, 5
Let x(l) = 124*l**2 - 11*l - 26. Let c = -278 + 276. What are the prime factors of x(c)?
2, 3, 41
Let y(n) = -46*n**3 - 30*n**2 - 74*n - 4. What are the prime factors of y(-4)?
2, 13, 53
Let g = 44489 - 23584. What are the prime factors of g?
5, 37, 113
Let v(h) = 49*h**2 - 20*h - 2. Let k be v(7). List the prime factors of (0 + k/(-6))*16/(-24).
251
Suppose -3*j = -14 + 119. Let z = 156 + j. What are the prime factors of z?
11
Suppose -2*b + 0 + 6 = 0. Let r = b + 288. What are the prime factors of r?
3, 97
Let w(b) = 519*b + 1718. What are the prime factors of w(8)?
2, 5, 587
Let q = -139 + 142. Suppose 0*a = 5*a + q*r - 936, 5*r = -3*a + 568. What are the prime factors of a?
2, 3, 31
Suppose 4*j - z - 5 = 12, j = z + 8. Suppose 1894 - 547 = j*w. What are the prime factors of w?
449
Suppose 4*s - 2*y - 22 = -2, -4*y = 0. Suppose -3*j = -4*a + 89, 2*a + s*j - 30 + 5 = 0. List the prime factors of (20944/a)/7 + (-4)/(-10).
2, 3, 5
Suppose 3*a = 6*a + 4*a. Suppose -6*l + l + 10 = a, -2*l = 3*r - 889. List the prime factors of r.
5, 59
Let u be 8/(-16)*(0 + -8). Let h(m) = m**3 + 6*m - 5. Let d be h(u). Let n = -27 + d. List the prime factors of n.
2, 7
Let h be 12*(-1)/((-8)/2). Let m = -496 + 911. Suppose -j - 5*g + 100 = 0, j = -h*j - 5*g + m. List the prime factors of j.
3, 5, 7
Let m be -38 - (-15)/5 - 0. What are the prime factors of ((-294)/m - -3)*60?
2, 3, 19
Let n(f) = 772*f + 63. Let i be n(2). Suppose 0 = 5*u - 4*l - i - 2077, 4*u = -4*l + 2976. List the prime factors of u.
2, 5, 37
Let s be (2/1)/((-2)/(-4)). Suppose 0 = s*n + 8, -c - 2*n = -n - 86. Suppose f + c = 9*f. What are the prime factors of f?
11
Let x be ((-6)/(-8))/(2/16). Suppose -97 - 341 = -x*y. Suppose 44 = u - 4*c, -2*u = 2*c - 5*c - y. What are the prime factors of u?
2
Let u = 2183 + -1128. List the prime factors of u.
5, 211
Suppose -10*h + 7*h + 21 = 0. Suppose 2*p + 2 = 0, 3*j - 4*p - 34 - 15 = 0. Suppose x - j = -h*v + 3*v, 4*v - 84 = -4*x. List the prime factors of x.
23
Suppose 0 = -d + 4*y + 19, -7*d + 4*d - 2*y - 13 = 0. List the prime factors of 5 - 8 - (-473 + d).
3, 157
Let d(f) be the first derivative of 3*f**2 - 48*f + 1. Let l be d(10). List the prime factors of ((-306)/l)/((-6)/20).
5, 17
Let t(q) = 7*q + 6. Let l = 14 + -7. Let x be t(l). Let w = -26 + x. List the prime factors of w.
29
Suppose -1767 = -2*z - 663. Suppose 285 = h - r, z = -0*h + 2*h + 4*r. What are the prime factors of h?
2, 3, 47
Let b(a) = -26*a + 19. Let x(n) = -3*n + 4. Let g be x(4). List the prime factors of b(g).
227
Suppose s - m = -5, s + 4*m = -s + 2. Let o be 2*(s + 2) + (-4 - -5). What are the prime factors of (-496)/(-6) - o/3?
83
Suppose 4*x - 42616 = -2*p, 10439 = 2*p + x - 32195. List the prime factors of p.
2, 5, 13, 41
Suppose 0 = k + k + 5*j - 2, 3*k - 3*j - 3 = 0. Let o be (3/(-6) + k)*0. Suppose 14*s - 8*s - 1002 = o. List the prime factors of s.
167
Let w be (-1 - 1)*-10*(-8)/(-32). Suppose -5*q = -q + w*q. Suppose q*f - 340 = -4*f. List the prime factors of f.
5, 17
What are the prime factors of ((-1276)/(-66) + -22)*33549/(-2)?
2, 53, 211
Let z = -67006 - -127385. What are the prime factors of z?
11, 499
Let v(j) be the third derivative of 2*j**5/5 + j**4/8 + 5*j**3/6 - 28*j**2 - j. What are the prime factors of v(-4)?
13, 29
What are the prime factors of 3/(-69) - (-49218450)/2438?
2, 7, 103
List the prime factors of 62/4*1*(-28 + 55 + 1177).
2, 7, 31, 43
Suppose 29100 = 2*i - 5*t, 3*t + 72807 = -38*i + 43*i. What are the prime factors of i?
3, 5, 971
Suppose -41*l = -45*l + 8. Suppose -1681 = -5*n - 2*s, -9*n - 333 = -10*n - l*s. List the prime factors of n.
337
Let f(g) = 7*g**2 - 38*g - 44. Let n be f(18). Suppose 2306 = 3*k + 5*q, 0 = -8*k + 6*k - 2*q + n. What are the prime factors of k?
2, 193
Suppose 0 = 3*y - 3*z - 9573, -4*y + 0*y - 4*z = -12772. Suppose 19*v - 11*v - y = 0. List the prime factors of v.
3, 7, 19
Suppose 16190 = 4*b - 14481 - 7309. What are the prime factors of b?
3, 5, 211
Let j(t) = t**2 + 7*t + 26. Suppose -5*s - 17 = f, -4*f - 4 = 4. Let x be -16 + (4 - (s - -5)). What are the prime factors of j(x)?
2, 31
Let c(z) = 16*z + 1. Let v(n) = 48*n + 3. Let t(w) = 11*c(w) - 4*v(w). Let p be t(-1). Let b = 66 - p. List the prime factors of b.
3, 17
Let t(f) = -369*f**3 + 5*f**2 + 9*f + 18. List the prime factors of t(-3).
3, 11, 101
Let z(k) = -36*k + 40. Let m(n) = n + 2. Let l(a) = 6*m(a) - z(a). What are the prime factors of l(3)?
2, 7
Suppose -3*x + 453 = -432. Suppose h - x = 795. Suppose 2*p = -3*p + h. What are the prime factors of p?
2, 109
Let h(x) = -12*x - 7. Let i be h(-1). Suppose 4*w + 298 = -s, -i*s = -4*w + 414 + 1100. Let k = s - -433. What are the prime factors of k?
131
Let v be 3 + 5/(5/(-8)). What are the prime factors of (7950/(-9))/v*30/25?
2, 53
Suppose -4*w + 8*w = -4. What are the prime factors of 8 - ((2 - w) + -62)?
67
Let h(k) = 119*k + 152. Let w be h(8). List the prime factors of w/136 - 8 -